{"id":6743,"date":"2022-04-27T21:16:21","date_gmt":"2022-04-27T19:16:21","guid":{"rendered":"https:\/\/wellclinic.pl\/?post_type=encyklopedia&#038;p=6743"},"modified":"2026-08-30T20:09:55","modified_gmt":"2026-08-30T18:09:55","slug":"greying-of-hair","status":"publish","type":"encyklopedia","link":"https:\/\/wellclinic.pl\/en\/encyklopedia\/siwienie-wlosow\/","title":{"rendered":"Siwienie w\u0142os\u00f3w"},"content":{"rendered":"\n<p class=\"wp-block-paragraph\"><strong>Siwienie w\u0142os\u00f3w<\/strong> to naturalny proces zwi\u0105zany ze stopniowym zmniejszaniem produkcji melaniny \u2013 barwnika odpowiedzialnego za kolor w\u0142os\u00f3w. Z czasem melanocyty znajduj\u0105ce si\u0119 w mieszkach w\u0142osowych produkuj\u0105 coraz mniej pigmentu, dlatego nowe w\u0142osy staj\u0105 si\u0119 szare, a nast\u0119pnie bia\u0142e.<\/p>\n\n\n\n<p class=\"wp-block-paragraph\">Na wiek pojawienia si\u0119 pierwszych siwych w\u0142os\u00f3w wp\u0142ywaj\u0105 przede wszystkim <strong>uwarunkowania genetyczne i proces starzenia si\u0119 organizmu<\/strong>. Znaczenie mog\u0105 mie\u0107 r\u00f3wnie\u017c niekt\u00f3re choroby, niedobory sk\u0142adnik\u00f3w od\u017cywczych oraz inne czynniki \u015brodowiskowe. Stres mo\u017ce wp\u0142ywa\u0107 na kondycj\u0119 w\u0142os\u00f3w, jednak nie jest jedyn\u0105 ani g\u0142\u00f3wn\u0105 przyczyn\u0105 fizjologicznego siwienia.<\/p>\n\n\n\n<p class=\"wp-block-paragraph\"><strong>Siwienie w\u0142os\u00f3w<\/strong> nie jest r\u00f3wnoznaczne z ich wypadaniem. Zmiany zwi\u0105zane ze starzeniem mog\u0105 wp\u0142ywa\u0107 na struktur\u0119 i tempo wzrostu w\u0142os\u00f3w, jednak prawid\u0142owy cykl w\u0142osa nadal obejmuje fazy <a href=\"https:\/\/wellclinic.pl\/encyklopedia\/anagen\"><strong>anagenu<\/strong><\/a>, <a href=\"https:\/\/wellclinic.pl\/encyklopedia\/katagen\"><strong>katagenu<\/strong><\/a> i telogenu.<\/p>\n\n\n\n<p class=\"wp-block-paragraph\">Je\u017celi siwieniu towarzyszy nasilone <strong>wypadanie w\u0142os\u00f3w, ich przerzedzenie lub wyra\u017ane pogorszenie kondycji<\/strong>, warto skonsultowa\u0107 si\u0119 z <a href=\"https:\/\/wellclinic.pl\/encyklopedia\/trycholog\"><strong>trychologiem<\/strong><\/a> i rozwa\u017cy\u0107 odpowiedni\u0105 diagnostyk\u0119, w tym <a href=\"https:\/\/wellclinic.pl\/encyklopedia\/badania-na-wlosy\"><strong>badania na w\u0142osy<\/strong><\/a>.<\/p>\n\n\n\n<p class=\"wp-block-paragraph\"><\/p>\n","protected":false},"featured_media":26525,"parent":0,"template":"","meta":{"_acf_changed":true},"class_list":["post-6743","encyklopedia","type-encyklopedia","status-publish","has-post-thumbnail","hentry"],"acf":[],"yoast_head":"<!-- This site is optimized with the Yoast SEO plugin v28.4 - https:\/\/yoast.com\/product\/yoast-seo-wordpress\/ -->\n<title>Wellclinic<\/title>\n<meta name=\"robots\" content=\"index, follow, max-snippet:-1, max-image-preview:large, max-video-preview:-1\" \/>\n<link rel=\"canonical\" href=\"https:\/\/wellclinic.pl\/en\/wp-json\/wp\/v2\/encyklopedia\/6743\" \/>\n<meta property=\"og:locale\" content=\"en_GB\" \/>\n<meta property=\"og:type\" content=\"article\" \/>\n<meta property=\"og:url\" content=\"https:\/\/wellclinic.pl\/en\/wp-json\/wp\/v2\/encyklopedia\/6743\" \/>\n<meta property=\"og:site_name\" content=\"Wellclinic\" \/>\n<meta name=\"twitter:card\" content=\"summary_large_image\" \/>\n<script type=\"application\/ld+json\" class=\"yoast-schema-graph\">{\"@context\":\"https:\\\/\\\/schema.org\",\"@graph\":[{\"@type\":\"CollectionPage\",\"@id\":null,\"url\":\"\",\"name\":\"\",\"isPartOf\":{\"@id\":\"https:\\\/\\\/wellclinic.pl\\\/#website\"},\"inLanguage\":\"en-GB\"},{\"@type\":\"WebSite\",\"@id\":\"https:\\\/\\\/wellclinic.pl\\\/#website\",\"url\":\"https:\\\/\\\/wellclinic.pl\\\/\",\"name\":\"Wellclinic Klinika Medycyny Estetycznej - Warszawa | Gda\u0144sk | Krak\u00f3w\",\"description\":\"Klinika Medycyny Estetycznej - Warszawa i Gda\u0144sk\",\"potentialAction\":[{\"@type\":\"SearchAction\",\"target\":{\"@type\":\"EntryPoint\",\"urlTemplate\":\"https:\\\/\\\/wellclinic.pl\\\/?s={search_term_string}\"},\"query-input\":{\"@type\":\"PropertyValueSpecification\",\"valueRequired\":true,\"valueName\":\"search_term_string\"}}],\"inLanguage\":\"en-GB\"}]}<\/script>\n<!-- \/ Yoast SEO plugin. -->","yoast_head_json":{"title":"Wellclinic","robots":{"index":"index","follow":"follow","max-snippet":"max-snippet:-1","max-image-preview":"max-image-preview:large","max-video-preview":"max-video-preview:-1"},"canonical":"https:\/\/wellclinic.pl\/en\/wp-json\/wp\/v2\/encyklopedia\/6743","og_locale":"en_GB","og_type":"article","og_url":"https:\/\/wellclinic.pl\/en\/wp-json\/wp\/v2\/encyklopedia\/6743","og_site_name":"Wellclinic","twitter_card":"summary_large_image","schema":{"@context":"https:\/\/schema.org","@graph":[{"@type":"CollectionPage","@id":null,"url":"","name":"","isPartOf":{"@id":"https:\/\/wellclinic.pl\/#website"},"inLanguage":"en-GB"},{"@type":"WebSite","@id":"https:\/\/wellclinic.pl\/#website","url":"https:\/\/wellclinic.pl\/","name":"Wellclinic Clinic for Aesthetic Medicine - Warsaw | Gdansk | Krakow","description":"Aesthetic Medicine Clinic - Warsaw and Gdansk","potentialAction":[{"@type":"SearchAction","target":{"@type":"EntryPoint","urlTemplate":"https:\/\/wellclinic.pl\/?s={search_term_string}"},"query-input":{"@type":"PropertyValueSpecification","valueRequired":true,"valueName":"search_term_string"}}],"inLanguage":"en-GB"}]}},"_links":{"self":[{"href":"https:\/\/wellclinic.pl\/en\/wp-json\/wp\/v2\/encyklopedia\/6743"}],"collection":[{"href":"https:\/\/wellclinic.pl\/en\/wp-json\/wp\/v2\/encyklopedia"}],"about":[{"href":"https:\/\/wellclinic.pl\/en\/wp-json\/wp\/v2\/types\/encyklopedia"}],"wp:featuredmedia":[{"embeddable":true,"href":"https:\/\/wellclinic.pl\/en\/wp-json\/wp\/v2\/media\/26525"}],"wp:attachment":[{"href":"https:\/\/wellclinic.pl\/en\/wp-json\/wp\/v2\/media?parent=6743"}],"curies":[{"name":"wp","href":"https:\/\/api.w.org\/{rel}","templated":true}]}}

Siwienie włosów

<p class="wp-block-paragraph"><strong>Siwienie włosów</strong> to naturalny proces związany ze stopniowym zmniejszaniem produkcji melaniny – barwnika odpowiedzialnego za kolor włosów. Z czasem melanocyty znajdujące się w mieszkach włosowych produkują coraz mniej pigmentu, dlatego nowe włosy stają się szare, a następnie białe.</p>



<p class="wp-block-paragraph">Na wiek pojawienia się pierwszych siwych włosów wpływają przede wszystkim <strong>uwarunkowania genetyczne i proces starzenia się organizmu</strong>. Znaczenie mogą mieć również niektóre choroby, niedobory składników odżywczych oraz inne czynniki środowiskowe. Stres może wpływać na kondycję włosów, jednak nie jest jedyną ani główną przyczyną fizjologicznego siwienia.</p>



<p class="wp-block-paragraph"><strong>Siwienie włosów</strong> nie jest równoznaczne z ich wypadaniem. Zmiany związane ze starzeniem mogą wpływać na strukturę i tempo wzrostu włosów, jednak prawidłowy cykl włosa nadal obejmuje fazy <a href="https://wellclinic.pl/encyklopedia/anagen"><strong>anagenu</strong></a>, <a href="https://wellclinic.pl/encyklopedia/katagen"><strong>katagenu</strong></a> i telogenu.</p>



<p class="wp-block-paragraph">Jeżeli siwieniu towarzyszy nasilone <strong>wypadanie włosów, ich przerzedzenie lub wyraźne pogorszenie kondycji</strong>, warto skonsultować się z <a href="https://wellclinic.pl/encyklopedia/trycholog"><strong>trychologiem</strong></a> i rozważyć odpowiednią diagnostykę, w tym <a href="https://wellclinic.pl/encyklopedia/badania-na-wlosy"><strong>badania na włosy</strong></a>.</p>



<p class="wp-block-paragraph"></p>

<!-- This site is optimized with the Yoast SEO plugin v28.4 - https://yoast.com/product/yoast-seo-wordpress/ -->
<title>Wellclinic</title>
<meta name="robots" content="index, follow, max-snippet:-1, max-image-preview:large, max-video-preview:-1" />
<link rel="canonical" href="https://wellclinic.pl/en/wp-json/wp/v2/encyklopedia/6743" />
<meta property="og:locale" content="en_GB" />
<meta property="og:type" content="article" />
<meta property="og:url" content="https://wellclinic.pl/en/wp-json/wp/v2/encyklopedia/6743" />
<meta property="og:site_name" content="Wellclinic" />
<meta name="twitter:card" content="summary_large_image" />
<script type="application/ld+json" class="yoast-schema-graph">{"@context":"https:\/\/schema.org","@graph":[{"@type":"CollectionPage","@id":null,"url":"","name":"","isPartOf":{"@id":"https:\/\/wellclinic.pl\/#website"},"inLanguage":"en-GB"},{"@type":"WebSite","@id":"https:\/\/wellclinic.pl\/#website","url":"https:\/\/wellclinic.pl\/","name":"Wellclinic Klinika Medycyny Estetycznej - Warszawa | Gdańsk | Kraków","description":"Klinika Medycyny Estetycznej - Warszawa i Gdańsk","potentialAction":[{"@type":"SearchAction","target":{"@type":"EntryPoint","urlTemplate":"https:\/\/wellclinic.pl\/?s={search_term_string}"},"query-input":{"@type":"PropertyValueSpecification","valueRequired":true,"valueName":"search_term_string"}}],"inLanguage":"en-GB"}]}</script>
<!-- / Yoast SEO plugin. -->
